{"id":32,"date":"2020-04-02T22:57:07","date_gmt":"2020-04-02T22:57:07","guid":{"rendered":"http:\/\/salzgitter-presse.de\/?page_id=32"},"modified":"2020-04-03T02:34:11","modified_gmt":"2020-04-03T02:34:11","slug":"meldungen","status":"publish","type":"page","link":"https:\/\/salzgitter-presse.de\/?page_id=32","title":{"rendered":"Meldungen"},"content":{"rendered":"\n<p>Auf Grund der Neugestaltung der Website sind die Artikel erst ab Ende M\u00e4rz erh\u00e4ltlich.<br>Weitere Artikel finden Sie auf meiner Seite bei der European News Agency.<\/p>\n\n\n\n<hr class=\"wp-block-separator is-style-wide\"\/>\n\n\n\n<h2>Artikel<\/h2>\n\n\n<ul class=\"wp-block-latest-posts__list has-dates wp-block-latest-posts\"><li><div class=\"wp-block-latest-posts__featured-image alignleft\"><img width=\"150\" height=\"150\" src=\"https:\/\/i1.wp.com\/salzgitter-presse.de\/wp-content\/uploads\/2020\/05\/IMG-20200524-WA0032.jpg?resize=150%2C150&amp;ssl=1\" class=\"attachment-thumbnail size-thumbnail wp-post-image\" alt=\"\" loading=\"lazy\" style=\"max-width:150px;max-height:150px;\" srcset=\"https:\/\/i1.wp.com\/salzgitter-presse.de\/wp-content\/uploads\/2020\/05\/IMG-20200524-WA0032.jpg?resize=150%2C150&amp;ssl=1 150w, https:\/\/i1.wp.com\/salzgitter-presse.de\/wp-content\/uploads\/2020\/05\/IMG-20200524-WA0032.jpg?zoom=2&amp;resize=150%2C150&amp;ssl=1 300w, https:\/\/i1.wp.com\/salzgitter-presse.de\/wp-content\/uploads\/2020\/05\/IMG-20200524-WA0032.jpg?zoom=3&amp;resize=150%2C150&amp;ssl=1 450w\" sizes=\"(max-width: 150px) 100vw, 150px\" data-attachment-id=\"157\" data-permalink=\"https:\/\/salzgitter-presse.de\/?attachment_id=157\" data-orig-file=\"https:\/\/i1.wp.com\/salzgitter-presse.de\/wp-content\/uploads\/2020\/05\/IMG-20200524-WA0032.jpg?fit=1600%2C900&amp;ssl=1\" data-orig-size=\"1600,900\" data-comments-opened=\"1\" data-image-meta=\"{&quot;aperture&quot;:&quot;0&quot;,&quot;credit&quot;:&quot;&quot;,&quot;camera&quot;:&quot;&quot;,&quot;caption&quot;:&quot;&quot;,&quot;created_timestamp&quot;:&quot;0&quot;,&quot;copyright&quot;:&quot;&quot;,&quot;focal_length&quot;:&quot;0&quot;,&quot;iso&quot;:&quot;0&quot;,&quot;shutter_speed&quot;:&quot;0&quot;,&quot;title&quot;:&quot;&quot;,&quot;orientation&quot;:&quot;0&quot;}\" data-image-title=\"IMG-20200524-WA0032\" data-image-description=\"\" data-image-caption=\"\" data-medium-file=\"https:\/\/i1.wp.com\/salzgitter-presse.de\/wp-content\/uploads\/2020\/05\/IMG-20200524-WA0032.jpg?fit=300%2C169&amp;ssl=1\" data-large-file=\"https:\/\/i1.wp.com\/salzgitter-presse.de\/wp-content\/uploads\/2020\/05\/IMG-20200524-WA0032.jpg?fit=640%2C360&amp;ssl=1\" \/><\/div><a href=\"https:\/\/salzgitter-presse.de\/?p=156\">Muslime feiern ihr Ramadanfest<\/a><time datetime=\"2020-05-24T15:15:32+02:00\" class=\"wp-block-latest-posts__post-date\">24. Mai 2020<\/time><div class=\"wp-block-latest-posts__post-excerpt\">Salzgitter-Bad &#8211; Bei der DITIB Gemeinde in Salzgitter Bad feierten am Sonntagmorgen 135 Muslime ihr traditionelles Ramadanfest unter ganz besonderen Umst\u00e4nden. Die Mitglieder wurden auf mehrere R\u00e4ume der Moschee verteilt und jeder Teilnehmer bekam einen Platz zugewiesen, sodass ein Abstand zum Nachbarn&hellip;<\/div><\/li>\n<li><div class=\"wp-block-latest-posts__featured-image alignleft\"><img width=\"150\" height=\"150\" src=\"https:\/\/i2.wp.com\/salzgitter-presse.de\/wp-content\/uploads\/2020\/05\/Torfhaus0005.jpg?resize=150%2C150&amp;ssl=1\" class=\"attachment-thumbnail size-thumbnail wp-post-image\" alt=\"\" loading=\"lazy\" style=\"max-width:150px;max-height:150px;\" srcset=\"https:\/\/i2.wp.com\/salzgitter-presse.de\/wp-content\/uploads\/2020\/05\/Torfhaus0005.jpg?resize=150%2C150&amp;ssl=1 150w, https:\/\/i2.wp.com\/salzgitter-presse.de\/wp-content\/uploads\/2020\/05\/Torfhaus0005.jpg?zoom=2&amp;resize=150%2C150&amp;ssl=1 300w, https:\/\/i2.wp.com\/salzgitter-presse.de\/wp-content\/uploads\/2020\/05\/Torfhaus0005.jpg?zoom=3&amp;resize=150%2C150&amp;ssl=1 450w\" sizes=\"(max-width: 150px) 100vw, 150px\" data-attachment-id=\"147\" data-permalink=\"https:\/\/salzgitter-presse.de\/?attachment_id=147\" data-orig-file=\"https:\/\/i2.wp.com\/salzgitter-presse.de\/wp-content\/uploads\/2020\/05\/Torfhaus0005.jpg?fit=1000%2C667&amp;ssl=1\" data-orig-size=\"1000,667\" data-comments-opened=\"1\" data-image-meta=\"{&quot;aperture&quot;:&quot;8&quot;,&quot;credit&quot;:&quot;&quot;,&quot;camera&quot;:&quot;NIKON D5300&quot;,&quot;caption&quot;:&quot;&quot;,&quot;created_timestamp&quot;:&quot;1589124424&quot;,&quot;copyright&quot;:&quot;&quot;,&quot;focal_length&quot;:&quot;48&quot;,&quot;iso&quot;:&quot;320&quot;,&quot;shutter_speed&quot;:&quot;0.004&quot;,&quot;title&quot;:&quot;&quot;,&quot;orientation&quot;:&quot;1&quot;}\" data-image-title=\"Torfhaus0005\" data-image-description=\"\" data-image-caption=\"\" data-medium-file=\"https:\/\/i2.wp.com\/salzgitter-presse.de\/wp-content\/uploads\/2020\/05\/Torfhaus0005.jpg?fit=300%2C200&amp;ssl=1\" data-large-file=\"https:\/\/i2.wp.com\/salzgitter-presse.de\/wp-content\/uploads\/2020\/05\/Torfhaus0005.jpg?fit=640%2C427&amp;ssl=1\" \/><\/div><a href=\"https:\/\/salzgitter-presse.de\/?p=145\">Ausflugsziel im Harz ausgebrannt<\/a><time datetime=\"2020-05-10T21:30:20+02:00\" class=\"wp-block-latest-posts__post-date\">10. Mai 2020<\/time><div class=\"wp-block-latest-posts__post-excerpt\">Torfhaus \u2013 Das beliebte Ausflugslokal \u201eHalali\u201c auf dem Torfhaus (Kreis Clausthal-Zellerfeld) ist am Sonntag Opfer eines Gro\u00dfbrandes geworden. Der Alarm ging bei der Feuerwehr gegen 10:30 Uhr ein. Die zwei Mitarbeiter, die sich zum Ausbruch des Brandes im Geb\u00e4ude befanden, konnten sich&hellip;<\/div><\/li>\n<li><a href=\"https:\/\/salzgitter-presse.de\/?p=143\">Fl\u00e4chenbrand<\/a><time datetime=\"2020-04-15T15:15:24+02:00\" class=\"wp-block-latest-posts__post-date\">15. April 2020<\/time><div class=\"wp-block-latest-posts__post-excerpt\">Salzgitter-Bad Im S\u00fcdwestlich Teil des Stadtgebietes brannte auf einer Fl\u00e4che von 400 bis 500 Quadratmeter das Waldgebiet &quot;Hamberg&quot;. Die Rauchs\u00e4ule, war schon von weitem sichtbar. Nur durch einen massiven Einsatzes von Kr\u00e4ften vor Ort, gelang es der Feuerwehr den Brand unter Kontrolle&hellip;<\/div><\/li>\n<li><div class=\"wp-block-latest-posts__featured-image alignleft\"><img width=\"150\" height=\"150\" src=\"https:\/\/i1.wp.com\/salzgitter-presse.de\/wp-content\/uploads\/2020\/04\/395585.jpg?resize=150%2C150&amp;ssl=1\" class=\"attachment-thumbnail size-thumbnail wp-post-image\" alt=\"\" loading=\"lazy\" style=\"max-width:150px;max-height:150px;\" srcset=\"https:\/\/i1.wp.com\/salzgitter-presse.de\/wp-content\/uploads\/2020\/04\/395585.jpg?resize=150%2C150&amp;ssl=1 150w, https:\/\/i1.wp.com\/salzgitter-presse.de\/wp-content\/uploads\/2020\/04\/395585.jpg?zoom=2&amp;resize=150%2C150&amp;ssl=1 300w, https:\/\/i1.wp.com\/salzgitter-presse.de\/wp-content\/uploads\/2020\/04\/395585.jpg?zoom=3&amp;resize=150%2C150&amp;ssl=1 450w\" sizes=\"(max-width: 150px) 100vw, 150px\" data-attachment-id=\"80\" data-permalink=\"https:\/\/salzgitter-presse.de\/?attachment_id=80\" data-orig-file=\"https:\/\/i1.wp.com\/salzgitter-presse.de\/wp-content\/uploads\/2020\/04\/395585.jpg?fit=800%2C533&amp;ssl=1\" data-orig-size=\"800,533\" data-comments-opened=\"1\" data-image-meta=\"{&quot;aperture&quot;:&quot;0&quot;,&quot;credit&quot;:&quot;&quot;,&quot;camera&quot;:&quot;&quot;,&quot;caption&quot;:&quot;&quot;,&quot;created_timestamp&quot;:&quot;0&quot;,&quot;copyright&quot;:&quot;&quot;,&quot;focal_length&quot;:&quot;0&quot;,&quot;iso&quot;:&quot;0&quot;,&quot;shutter_speed&quot;:&quot;0&quot;,&quot;title&quot;:&quot;&quot;,&quot;orientation&quot;:&quot;0&quot;}\" data-image-title=\"395585\" data-image-description=\"\" data-image-caption=\"\" data-medium-file=\"https:\/\/i1.wp.com\/salzgitter-presse.de\/wp-content\/uploads\/2020\/04\/395585.jpg?fit=300%2C200&amp;ssl=1\" data-large-file=\"https:\/\/i1.wp.com\/salzgitter-presse.de\/wp-content\/uploads\/2020\/04\/395585.jpg?fit=640%2C426&amp;ssl=1\" \/><\/div><a href=\"https:\/\/salzgitter-presse.de\/?p=79\">Feuer Doppelhaush\u00e4lfte<\/a><time datetime=\"2020-03-30T19:45:00+02:00\" class=\"wp-block-latest-posts__post-date\">30. M\u00e4rz 2020<\/time><div class=\"wp-block-latest-posts__post-excerpt\">Salzgitter-Bad Die Feuerwehr Salzgitter wurde am 30. M\u00e4rz 2020 gegen 18 Uhr zu einem Hausbrand gerufen. In Salzgitter-Bad stand das Erdgeschoss einer Doppelhaush\u00e4lfte in Vollbrand. Als die Feuerwehr eintraf schlugen ihnen die Flammen aus dem Haus entgegen. Einsatzleiter Michael Sadowski teilte uns&hellip;<\/div><\/li>\n<li><div class=\"wp-block-latest-posts__featured-image alignleft\"><img width=\"150\" height=\"150\" src=\"https:\/\/i0.wp.com\/salzgitter-presse.de\/wp-content\/uploads\/2020\/04\/395602.jpg?resize=150%2C150&amp;ssl=1\" class=\"attachment-thumbnail size-thumbnail wp-post-image\" alt=\"\" loading=\"lazy\" style=\"max-width:150px;max-height:150px;\" srcset=\"https:\/\/i0.wp.com\/salzgitter-presse.de\/wp-content\/uploads\/2020\/04\/395602.jpg?resize=150%2C150&amp;ssl=1 150w, https:\/\/i0.wp.com\/salzgitter-presse.de\/wp-content\/uploads\/2020\/04\/395602.jpg?zoom=2&amp;resize=150%2C150&amp;ssl=1 300w, https:\/\/i0.wp.com\/salzgitter-presse.de\/wp-content\/uploads\/2020\/04\/395602.jpg?zoom=3&amp;resize=150%2C150&amp;ssl=1 450w\" sizes=\"(max-width: 150px) 100vw, 150px\" data-attachment-id=\"72\" data-permalink=\"https:\/\/salzgitter-presse.de\/?attachment_id=72\" data-orig-file=\"https:\/\/i0.wp.com\/salzgitter-presse.de\/wp-content\/uploads\/2020\/04\/395602.jpg?fit=600%2C400&amp;ssl=1\" data-orig-size=\"600,400\" data-comments-opened=\"1\" data-image-meta=\"{&quot;aperture&quot;:&quot;0&quot;,&quot;credit&quot;:&quot;&quot;,&quot;camera&quot;:&quot;&quot;,&quot;caption&quot;:&quot;&quot;,&quot;created_timestamp&quot;:&quot;0&quot;,&quot;copyright&quot;:&quot;&quot;,&quot;focal_length&quot;:&quot;0&quot;,&quot;iso&quot;:&quot;0&quot;,&quot;shutter_speed&quot;:&quot;0&quot;,&quot;title&quot;:&quot;&quot;,&quot;orientation&quot;:&quot;0&quot;}\" data-image-title=\"395602\" data-image-description=\"\" data-image-caption=\"\" data-medium-file=\"https:\/\/i0.wp.com\/salzgitter-presse.de\/wp-content\/uploads\/2020\/04\/395602.jpg?fit=300%2C200&amp;ssl=1\" data-large-file=\"https:\/\/i0.wp.com\/salzgitter-presse.de\/wp-content\/uploads\/2020\/04\/395602.jpg?fit=600%2C400&amp;ssl=1\" \/><\/div><a href=\"https:\/\/salzgitter-presse.de\/?p=71\">Unfall<\/a><time datetime=\"2020-03-30T19:30:43+02:00\" class=\"wp-block-latest-posts__post-date\">30. M\u00e4rz 2020<\/time><div class=\"wp-block-latest-posts__post-excerpt\">Salzgitter-Ohlendorf Am 30. M\u00e4rz 2020 ging bei der Feuerwehr Salzgitter gegen 16:45 Uhr die Meldung \u00fcber einen Verkehrsunfall in Salzgitter-Ohlendorf ein. Als die parallel alarmierten Kr\u00e4fte der Polizei im Pfarrweg eintrafen stellten sie fest, dass nur ein Fahrzeug an dem Unfall beteiligt&hellip;<\/div><\/li>\n<\/ul>\n\n\n<div class=\"wp-block-group\"><div class=\"wp-block-group__inner-container\">\n<p><br><br><br><br><br><\/p>\n<\/div><\/div>\n\n\n\n<hr class=\"wp-block-separator is-style-wide\"\/>\n\n\n\n<h2>Archiv<\/h2>\n\n\n<ul class=\" wp-block-archives-list wp-block-archives\">\t<li><a href='https:\/\/salzgitter-presse.de\/?m=202005'>Mai 2020<\/a>&nbsp;(2)<\/li>\n\t<li><a href='https:\/\/salzgitter-presse.de\/?m=202004'>April 2020<\/a>&nbsp;(1)<\/li>\n\t<li><a href='https:\/\/salzgitter-presse.de\/?m=202003'>M\u00e4rz 2020<\/a>&nbsp;(2)<\/li>\n<\/ul>\n\n\n<p><\/p>\n","protected":false},"excerpt":{"rendered":"<p>Auf Grund der Neugestaltung der Website sind die Artikel erst ab Ende M\u00e4rz erh\u00e4ltlich.Weitere Artikel finden Sie auf meiner Seite bei der European News Agency. Artikel Archiv<\/p>\n","protected":false},"author":1,"featured_media":0,"parent":0,"menu_order":0,"comment_status":"closed","ping_status":"closed","template":"","meta":{"ngg_post_thumbnail":0,"spay_email":""},"_links":{"self":[{"href":"https:\/\/salzgitter-presse.de\/index.php?rest_route=\/wp\/v2\/pages\/32"}],"collection":[{"href":"https:\/\/salzgitter-presse.de\/index.php?rest_route=\/wp\/v2\/pages"}],"about":[{"href":"https:\/\/salzgitter-presse.de\/index.php?rest_route=\/wp\/v2\/types\/page"}],"author":[{"embeddable":true,"href":"https:\/\/salzgitter-presse.de\/index.php?rest_route=\/wp\/v2\/users\/1"}],"replies":[{"embeddable":true,"href":"https:\/\/salzgitter-presse.de\/index.php?rest_route=%2Fwp%2Fv2%2Fcomments&post=32"}],"version-history":[{"count":31,"href":"https:\/\/salzgitter-presse.de\/index.php?rest_route=\/wp\/v2\/pages\/32\/revisions"}],"predecessor-version":[{"id":113,"href":"https:\/\/salzgitter-presse.de\/index.php?rest_route=\/wp\/v2\/pages\/32\/revisions\/113"}],"wp:attachment":[{"href":"https:\/\/salzgitter-presse.de\/index.php?rest_route=%2Fwp%2Fv2%2Fmedia&parent=32"}],"curies":[{"name":"wp","href":"https:\/\/api.w.org\/{rel}","templated":true}]}}

<p>Auf Grund der Neugestaltung der Website sind die Artikel erst ab Ende März erhältlich.<br>Weitere Artikel finden Sie auf meiner Seite bei der European News Agency.</p>



<hr class="wp-block-separator is-style-wide"/>



<h2>Artikel</h2>


<ul class="wp-block-latest-posts__list has-dates wp-block-latest-posts"><li><div class="wp-block-latest-posts__featured-image alignleft"><img width="150" height="150" src="https://i1.wp.com/salzgitter-presse.de/wp-content/uploads/2020/05/IMG-20200524-WA0032.jpg?resize=150%2C150&amp;ssl=1" class="attachment-thumbnail size-thumbnail wp-post-image" alt="" loading="lazy" style="max-width:150px;max-height:150px;" srcset="https://i1.wp.com/salzgitter-presse.de/wp-content/uploads/2020/05/IMG-20200524-WA0032.jpg?resize=150%2C150&amp;ssl=1 150w, https://i1.wp.com/salzgitter-presse.de/wp-content/uploads/2020/05/IMG-20200524-WA0032.jpg?zoom=2&amp;resize=150%2C150&amp;ssl=1 300w, https://i1.wp.com/salzgitter-presse.de/wp-content/uploads/2020/05/IMG-20200524-WA0032.jpg?zoom=3&amp;resize=150%2C150&amp;ssl=1 450w" sizes="(max-width: 150px) 100vw, 150px" data-attachment-id="157" data-permalink="https://salzgitter-presse.de/?attachment_id=157" data-orig-file="https://i1.wp.com/salzgitter-presse.de/wp-content/uploads/2020/05/IMG-20200524-WA0032.jpg?fit=1600%2C900&amp;ssl=1" data-orig-size="1600,900" data-comments-opened="1" data-image-meta="{&quot;aperture&quot;:&quot;0&quot;,&quot;credit&quot;:&quot;&quot;,&quot;camera&quot;:&quot;&quot;,&quot;caption&quot;:&quot;&quot;,&quot;created_timestamp&quot;:&quot;0&quot;,&quot;copyright&quot;:&quot;&quot;,&quot;focal_length&quot;:&quot;0&quot;,&quot;iso&quot;:&quot;0&quot;,&quot;shutter_speed&quot;:&quot;0&quot;,&quot;title&quot;:&quot;&quot;,&quot;orientation&quot;:&quot;0&quot;}" data-image-title="IMG-20200524-WA0032" data-image-description="" data-image-caption="" data-medium-file="https://i1.wp.com/salzgitter-presse.de/wp-content/uploads/2020/05/IMG-20200524-WA0032.jpg?fit=300%2C169&amp;ssl=1" data-large-file="https://i1.wp.com/salzgitter-presse.de/wp-content/uploads/2020/05/IMG-20200524-WA0032.jpg?fit=640%2C360&amp;ssl=1" /></div><a href="https://salzgitter-presse.de/?p=156">Muslime feiern ihr Ramadanfest</a><time datetime="2020-05-24T15:15:32+02:00" class="wp-block-latest-posts__post-date">24. Mai 2020</time><div class="wp-block-latest-posts__post-excerpt">Salzgitter-Bad &#8211; Bei der DITIB Gemeinde in Salzgitter Bad feierten am Sonntagmorgen 135 Muslime ihr traditionelles Ramadanfest unter ganz besonderen Umständen. Die Mitglieder wurden auf mehrere Räume der Moschee verteilt und jeder Teilnehmer bekam einen Platz zugewiesen, sodass ein Abstand zum Nachbarn&hellip;</div></li>
<li><div class="wp-block-latest-posts__featured-image alignleft"><img width="150" height="150" src="https://i2.wp.com/salzgitter-presse.de/wp-content/uploads/2020/05/Torfhaus0005.jpg?resize=150%2C150&amp;ssl=1" class="attachment-thumbnail size-thumbnail wp-post-image" alt="" loading="lazy" style="max-width:150px;max-height:150px;" srcset="https://i2.wp.com/salzgitter-presse.de/wp-content/uploads/2020/05/Torfhaus0005.jpg?resize=150%2C150&amp;ssl=1 150w, https://i2.wp.com/salzgitter-presse.de/wp-content/uploads/2020/05/Torfhaus0005.jpg?zoom=2&amp;resize=150%2C150&amp;ssl=1 300w, https://i2.wp.com/salzgitter-presse.de/wp-content/uploads/2020/05/Torfhaus0005.jpg?zoom=3&amp;resize=150%2C150&amp;ssl=1 450w" sizes="(max-width: 150px) 100vw, 150px" data-attachment-id="147" data-permalink="https://salzgitter-presse.de/?attachment_id=147" data-orig-file="https://i2.wp.com/salzgitter-presse.de/wp-content/uploads/2020/05/Torfhaus0005.jpg?fit=1000%2C667&amp;ssl=1" data-orig-size="1000,667" data-comments-opened="1" data-image-meta="{&quot;aperture&quot;:&quot;8&quot;,&quot;credit&quot;:&quot;&quot;,&quot;camera&quot;:&quot;NIKON D5300&quot;,&quot;caption&quot;:&quot;&quot;,&quot;created_timestamp&quot;:&quot;1589124424&quot;,&quot;copyright&quot;:&quot;&quot;,&quot;focal_length&quot;:&quot;48&quot;,&quot;iso&quot;:&quot;320&quot;,&quot;shutter_speed&quot;:&quot;0.004&quot;,&quot;title&quot;:&quot;&quot;,&quot;orientation&quot;:&quot;1&quot;}" data-image-title="Torfhaus0005" data-image-description="" data-image-caption="" data-medium-file="https://i2.wp.com/salzgitter-presse.de/wp-content/uploads/2020/05/Torfhaus0005.jpg?fit=300%2C200&amp;ssl=1" data-large-file="https://i2.wp.com/salzgitter-presse.de/wp-content/uploads/2020/05/Torfhaus0005.jpg?fit=640%2C427&amp;ssl=1" /></div><a href="https://salzgitter-presse.de/?p=145">Ausflugsziel im Harz ausgebrannt</a><time datetime="2020-05-10T21:30:20+02:00" class="wp-block-latest-posts__post-date">10. Mai 2020</time><div class="wp-block-latest-posts__post-excerpt">Torfhaus – Das beliebte Ausflugslokal „Halali“ auf dem Torfhaus (Kreis Clausthal-Zellerfeld) ist am Sonntag Opfer eines Großbrandes geworden. Der Alarm ging bei der Feuerwehr gegen 10:30 Uhr ein. Die zwei Mitarbeiter, die sich zum Ausbruch des Brandes im Gebäude befanden, konnten sich&hellip;</div></li>
<li><a href="https://salzgitter-presse.de/?p=143">Flächenbrand</a><time datetime="2020-04-15T15:15:24+02:00" class="wp-block-latest-posts__post-date">15. April 2020</time><div class="wp-block-latest-posts__post-excerpt">Salzgitter-Bad Im Südwestlich Teil des Stadtgebietes brannte auf einer Fläche von 400 bis 500 Quadratmeter das Waldgebiet &quot;Hamberg&quot;. Die Rauchsäule, war schon von weitem sichtbar. Nur durch einen massiven Einsatzes von Kräften vor Ort, gelang es der Feuerwehr den Brand unter Kontrolle&hellip;</div></li>
<li><div class="wp-block-latest-posts__featured-image alignleft"><img width="150" height="150" src="https://i1.wp.com/salzgitter-presse.de/wp-content/uploads/2020/04/395585.jpg?resize=150%2C150&amp;ssl=1" class="attachment-thumbnail size-thumbnail wp-post-image" alt="" loading="lazy" style="max-width:150px;max-height:150px;" srcset="https://i1.wp.com/salzgitter-presse.de/wp-content/uploads/2020/04/395585.jpg?resize=150%2C150&amp;ssl=1 150w, https://i1.wp.com/salzgitter-presse.de/wp-content/uploads/2020/04/395585.jpg?zoom=2&amp;resize=150%2C150&amp;ssl=1 300w, https://i1.wp.com/salzgitter-presse.de/wp-content/uploads/2020/04/395585.jpg?zoom=3&amp;resize=150%2C150&amp;ssl=1 450w" sizes="(max-width: 150px) 100vw, 150px" data-attachment-id="80" data-permalink="https://salzgitter-presse.de/?attachment_id=80" data-orig-file="https://i1.wp.com/salzgitter-presse.de/wp-content/uploads/2020/04/395585.jpg?fit=800%2C533&amp;ssl=1" data-orig-size="800,533" data-comments-opened="1" data-image-meta="{&quot;aperture&quot;:&quot;0&quot;,&quot;credit&quot;:&quot;&quot;,&quot;camera&quot;:&quot;&quot;,&quot;caption&quot;:&quot;&quot;,&quot;created_timestamp&quot;:&quot;0&quot;,&quot;copyright&quot;:&quot;&quot;,&quot;focal_length&quot;:&quot;0&quot;,&quot;iso&quot;:&quot;0&quot;,&quot;shutter_speed&quot;:&quot;0&quot;,&quot;title&quot;:&quot;&quot;,&quot;orientation&quot;:&quot;0&quot;}" data-image-title="395585" data-image-description="" data-image-caption="" data-medium-file="https://i1.wp.com/salzgitter-presse.de/wp-content/uploads/2020/04/395585.jpg?fit=300%2C200&amp;ssl=1" data-large-file="https://i1.wp.com/salzgitter-presse.de/wp-content/uploads/2020/04/395585.jpg?fit=640%2C426&amp;ssl=1" /></div><a href="https://salzgitter-presse.de/?p=79">Feuer Doppelhaushälfte</a><time datetime="2020-03-30T19:45:00+02:00" class="wp-block-latest-posts__post-date">30. März 2020</time><div class="wp-block-latest-posts__post-excerpt">Salzgitter-Bad Die Feuerwehr Salzgitter wurde am 30. März 2020 gegen 18 Uhr zu einem Hausbrand gerufen. In Salzgitter-Bad stand das Erdgeschoss einer Doppelhaushälfte in Vollbrand. Als die Feuerwehr eintraf schlugen ihnen die Flammen aus dem Haus entgegen. Einsatzleiter Michael Sadowski teilte uns&hellip;</div></li>
<li><div class="wp-block-latest-posts__featured-image alignleft"><img width="150" height="150" src="https://i0.wp.com/salzgitter-presse.de/wp-content/uploads/2020/04/395602.jpg?resize=150%2C150&amp;ssl=1" class="attachment-thumbnail size-thumbnail wp-post-image" alt="" loading="lazy" style="max-width:150px;max-height:150px;" srcset="https://i0.wp.com/salzgitter-presse.de/wp-content/uploads/2020/04/395602.jpg?resize=150%2C150&amp;ssl=1 150w, https://i0.wp.com/salzgitter-presse.de/wp-content/uploads/2020/04/395602.jpg?zoom=2&amp;resize=150%2C150&amp;ssl=1 300w, https://i0.wp.com/salzgitter-presse.de/wp-content/uploads/2020/04/395602.jpg?zoom=3&amp;resize=150%2C150&amp;ssl=1 450w" sizes="(max-width: 150px) 100vw, 150px" data-attachment-id="72" data-permalink="https://salzgitter-presse.de/?attachment_id=72" data-orig-file="https://i0.wp.com/salzgitter-presse.de/wp-content/uploads/2020/04/395602.jpg?fit=600%2C400&amp;ssl=1" data-orig-size="600,400" data-comments-opened="1" data-image-meta="{&quot;aperture&quot;:&quot;0&quot;,&quot;credit&quot;:&quot;&quot;,&quot;camera&quot;:&quot;&quot;,&quot;caption&quot;:&quot;&quot;,&quot;created_timestamp&quot;:&quot;0&quot;,&quot;copyright&quot;:&quot;&quot;,&quot;focal_length&quot;:&quot;0&quot;,&quot;iso&quot;:&quot;0&quot;,&quot;shutter_speed&quot;:&quot;0&quot;,&quot;title&quot;:&quot;&quot;,&quot;orientation&quot;:&quot;0&quot;}" data-image-title="395602" data-image-description="" data-image-caption="" data-medium-file="https://i0.wp.com/salzgitter-presse.de/wp-content/uploads/2020/04/395602.jpg?fit=300%2C200&amp;ssl=1" data-large-file="https://i0.wp.com/salzgitter-presse.de/wp-content/uploads/2020/04/395602.jpg?fit=600%2C400&amp;ssl=1" /></div><a href="https://salzgitter-presse.de/?p=71">Unfall</a><time datetime="2020-03-30T19:30:43+02:00" class="wp-block-latest-posts__post-date">30. März 2020</time><div class="wp-block-latest-posts__post-excerpt">Salzgitter-Ohlendorf Am 30. März 2020 ging bei der Feuerwehr Salzgitter gegen 16:45 Uhr die Meldung über einen Verkehrsunfall in Salzgitter-Ohlendorf ein. Als die parallel alarmierten Kräfte der Polizei im Pfarrweg eintrafen stellten sie fest, dass nur ein Fahrzeug an dem Unfall beteiligt&hellip;</div></li>
</ul>


<div class="wp-block-group"><div class="wp-block-group__inner-container">
<p><br><br><br><br><br></p>
</div></div>



<hr class="wp-block-separator is-style-wide"/>



<h2>Archiv</h2>


<ul class=" wp-block-archives-list wp-block-archives">	<li><a href='https://salzgitter-presse.de/?m=202005'>Mai 2020</a>&nbsp;(2)</li>
	<li><a href='https://salzgitter-presse.de/?m=202004'>April 2020</a>&nbsp;(1)</li>
	<li><a href='https://salzgitter-presse.de/?m=202003'>März 2020</a>&nbsp;(2)</li>
</ul>


<p></p>

<p>Auf Grund der Neugestaltung der Website sind die Artikel erst ab Ende März erhältlich.Weitere Artikel finden Sie auf meiner Seite bei der European News Agency. Artikel Archiv</p>
