{"id":4,"date":"2020-04-02T22:42:54","date_gmt":"2020-04-02T22:42:54","guid":{"rendered":"http:\/\/salzgitter-presse.de\/?page_id=4"},"modified":"2020-04-03T22:16:48","modified_gmt":"2020-04-03T22:16:48","slug":"startseite","status":"publish","type":"page","link":"https:\/\/salzgitter-presse.de\/","title":{"rendered":"Startseite"},"content":{"rendered":"<div id=\"mtphr-dnt-130\" class=\"mtphr-dnt mtphr-dnt-130 mtphr-dnt-default mtphr-dnt-scroll mtphr-dnt-scroll-left\"><div class=\"mtphr-dnt-wrapper mtphr-dnt-clearfix\"><div class=\"mtphr-dnt-tick-container\"><div class=\"mtphr-dnt-tick-contents\"><div class=\"mtphr-dnt-tick mtphr-dnt-default-tick mtphr-dnt-clearfix \"><h2><span style=\"color: #ff0000\">Haben Sie Kenntnis von aktuellen Ereignissen? Dann rufen Sie uns an. Telefon: 05341-9002834<\/span><\/h2><\/div><\/div><\/div><\/div><\/div>\n\n\n\n<p>Ich bin seit 2002 im Dienste der Presse in Niedersachsen unterwegs.<\/p>\n\n\n\n<p>Bis vor Kurzem war mein Wirkungskreis im Bereich der Region Hannover.<br>Jetzt befinde ich mich in der Region Salzgitter \/ Wolfenb\u00fcttel, meine T\u00e4tigkeit geht aber auch \u00fcber die Kreisgrenzen hinaus.<\/p>\n\n\n\n<p>Mein Hauptaufgabengebiet umfasst dabei die Dokumentation und Berichterstattung von Einsatzgeschehen und Gro\u00dfveranstaltungen.<\/p>\n\n\n\n<p>Meine Berichte sind unter anderem in der regionalen Presse oder Fachmagzinen zu finden.<\/p>\n\n\n\n<p>Zus\u00e4tzlich biete ich die M\u00f6glichkeit ausgew\u00e4hlte Artikel von mir auf der Internetseite der EuropeanNewsAgency zu lesen.<\/p>\n\n\n\n<p><\/p>\n","protected":false},"excerpt":{"rendered":"<p>Ich bin seit 2002 im Dienste der Presse in Niedersachsen unterwegs. Bis vor Kurzem war mein Wirkungskreis im Bereich der Region Hannover.Jetzt befinde ich mich in der Region Salzgitter \/ Wolfenb\u00fcttel, meine T\u00e4tigkeit geht aber auch \u00fcber die Kreisgrenzen hinaus. Mein Hauptaufgabengebiet&hellip;<\/p>\n","protected":false},"author":1,"featured_media":0,"parent":0,"menu_order":0,"comment_status":"closed","ping_status":"closed","template":"","meta":{"ngg_post_thumbnail":0,"spay_email":""},"_links":{"self":[{"href":"https:\/\/salzgitter-presse.de\/index.php?rest_route=\/wp\/v2\/pages\/4"}],"collection":[{"href":"https:\/\/salzgitter-presse.de\/index.php?rest_route=\/wp\/v2\/pages"}],"about":[{"href":"https:\/\/salzgitter-presse.de\/index.php?rest_route=\/wp\/v2\/types\/page"}],"author":[{"embeddable":true,"href":"https:\/\/salzgitter-presse.de\/index.php?rest_route=\/wp\/v2\/users\/1"}],"replies":[{"embeddable":true,"href":"https:\/\/salzgitter-presse.de\/index.php?rest_route=%2Fwp%2Fv2%2Fcomments&post=4"}],"version-history":[{"count":6,"href":"https:\/\/salzgitter-presse.de\/index.php?rest_route=\/wp\/v2\/pages\/4\/revisions"}],"predecessor-version":[{"id":131,"href":"https:\/\/salzgitter-presse.de\/index.php?rest_route=\/wp\/v2\/pages\/4\/revisions\/131"}],"wp:attachment":[{"href":"https:\/\/salzgitter-presse.de\/index.php?rest_route=%2Fwp%2Fv2%2Fmedia&parent=4"}],"curies":[{"name":"wp","href":"https:\/\/api.w.org\/{rel}","templated":true}]}}

<div id="mtphr-dnt-130" class="mtphr-dnt mtphr-dnt-130 mtphr-dnt-default mtphr-dnt-scroll mtphr-dnt-scroll-left"><div class="mtphr-dnt-wrapper mtphr-dnt-clearfix"><div class="mtphr-dnt-tick-container"><div class="mtphr-dnt-tick-contents"><div class="mtphr-dnt-tick mtphr-dnt-default-tick mtphr-dnt-clearfix "><h2><span style="color: #ff0000">Haben Sie Kenntnis von aktuellen Ereignissen? Dann rufen Sie uns an. Telefon: 05341-9002834</span></h2></div></div></div></div></div>



<p>Ich bin seit 2002 im Dienste der Presse in Niedersachsen unterwegs.</p>



<p>Bis vor Kurzem war mein Wirkungskreis im Bereich der Region Hannover.<br>Jetzt befinde ich mich in der Region Salzgitter / Wolfenbüttel, meine Tätigkeit geht aber auch über die Kreisgrenzen hinaus.</p>



<p>Mein Hauptaufgabengebiet umfasst dabei die Dokumentation und Berichterstattung von Einsatzgeschehen und Großveranstaltungen.</p>



<p>Meine Berichte sind unter anderem in der regionalen Presse oder Fachmagzinen zu finden.</p>



<p>Zusätzlich biete ich die Möglichkeit ausgewählte Artikel von mir auf der Internetseite der EuropeanNewsAgency zu lesen.</p>



<p></p>

<p>Ich bin seit 2002 im Dienste der Presse in Niedersachsen unterwegs. Bis vor Kurzem war mein Wirkungskreis im Bereich der Region Hannover.Jetzt befinde ich mich in der Region Salzgitter / Wolfenbüttel, meine Tätigkeit geht aber auch über die Kreisgrenzen hinaus. Mein Hauptaufgabengebiet&hellip;</p>
